factors of 4734968.
2, 7, 47, 257
List the prime factors of 81675264.
2, 3, 11, 2417
List the prime factors of 56904188.
2, 11, 1293277
What are the prime factors of 283224142?
2, 67, 197, 10729
What are the prime factors of 42909065?
5, 53, 161921
List the prime factors of 112542610.
2, 5, 43, 79, 3313
List the prime factors of 1348636079.
7, 192662297
List the prime factors of 55729919.
7, 7961417
List the prime factors of 1565236322.
2, 13, 71, 79, 10733
What are the prime factors of 19156458?
2, 3, 1511, 2113
List the prime factors of 5953932.
2, 3, 29, 1901
What are the prime factors of 392952085?
5, 109, 721013
What are the prime factors of 1990193781?
3, 663397927
List the prime factors of 4456940606.
2, 11399, 195497
List the prime factors of 323592963.
3, 233, 462937
What are the prime factors of 2016356039?
263, 283, 27091
What are the prime factors of 2734325463?
3, 911441821
What are the prime factors of 1118899741?
1118899741
What are the prime factors of 373671667?
47, 7950461
List the prime factors of 160027357.
7, 467, 48953
What are the prime factors of 1427670552?
2, 3, 7, 11, 101, 7649
What are the prime factors of 143215154?
2, 4127, 17351
What are the prime factors of 15778350?
2, 3, 5, 7, 5009
List the prime factors of 1517876138.
2, 79, 9606811
What are the prime factors of 135903886?
2, 37, 1836539
List the prime factors of 4370421223.
7, 624345889
List the prime factors of 1080122307.
3, 11, 107, 149, 2053
What are the prime factors of 1214789093?
7, 173541299
List the prime factors of 23456311.
17, 389, 3547
List the prime factors of 1675746123.
3, 887, 629743
List the prime factors of 6411939.
3, 71, 30103
List the prime factors of 2370886702.
2, 16529, 71719
List the prime factors of 202473576.
2, 3, 19, 89, 1663
What are the prime factors of 1014555?
3, 5, 239, 283
What are the prime factors of 279588318?
2, 3, 31, 1503163
What are the prime factors of 748395957?
3, 179, 1393661
What are the prime factors of 1785326?
2, 892663
List the prime factors of 30353669.
199, 152531
List the prime factors of 212263004.
2, 53065751
List the prime factors of 312081857.
59, 983, 5381
What are the prime factors of 1603507152?
2, 3, 13, 43, 4597
List the prime factors of 378441739.
13, 29110903
List the prime factors of 667559001.
3, 47, 4734461
What are the prime factors of 104717522?
2, 7, 13, 575371
What are the prime factors of 241118416?
2, 7, 11, 73, 383
What are the prime factors of 1308025865?
5, 261605173
List the prime factors of 26862054.
2, 3, 79, 56671
List the prime factors of 163548315.
3, 5, 7, 57689
List the prime factors of 1260498602.
2, 11, 57295391
List the prime factors of 72973373.
11, 383, 17321
What are the prime factors of 210852419?
210852419
List the prime factors of 321661055.
5, 64332211
What are the prime factors of 5265615571?
1987, 2650033
What are the prime factors of 28734433?
7, 13, 79, 571
List the prime factors of 3382311770.
2, 5, 2741, 123397
List the prime factors of 326777589.
3, 36308621
What are the prime factors of 192070964?
2, 17, 83, 34031
List the prime factors of 6466515132.
2, 3, 7, 11, 6998393
What are the prime factors of 203049699?
3, 67683233
List the prime factors of 140716161.
3, 31, 504359
What are the prime factors of 92784391?
7, 19, 99661
What are the prime factors of 5813766831?
3, 41, 3187, 14831
List the prime factors of 2713624031.
17, 4073, 39191
What are the prime factors of 71322525?
3, 5, 35221
List the prime factors of 1461161764.
2, 17, 21487673
What are the prime factors of 1262775628?
2, 315693907
List the prime factors of 241214704.
2, 15075919
What are the prime factors of 55876720?
2, 5, 19, 36761
List the prime factors of 59729600.
2, 5, 7, 5333
What are the prime factors of 1628719318?
2, 814359659
List the prime factors of 3931358605.
5, 23, 2609, 13103
What are the prime factors of 598538200?
2, 5, 13, 23, 10009
List the prime factors of 480726261.
3, 3389, 15761
What are the prime factors of 1031082429?
3, 13, 653, 40487
What are the prime factors of 1426584?
2, 3, 59441
List the prime factors of 3108955387.
89, 34932083
List the prime factors of 32002579.
7, 1213, 3769
What are the prime factors of 169124469?
3, 56374823
List the prime factors of 14259890.
2, 5, 107, 13327
List the prime factors of 25667046.
2, 3, 113, 12619
What are the prime factors of 50985930?
2, 3, 5, 19, 89449
List the prime factors of 116185063.
53, 79, 27749
What are the prime factors of 492692929?
17, 53, 241, 2269
What are the prime factors of 49612471?
157, 316003
List the prime factors of 50130750.
2, 3, 5, 66841
List the prime factors of 1761417159.
3, 947, 619999
What are the prime factors of 127343493?
3, 1303, 10859
What are the prime factors of 4788683189?
53, 3701, 24413
What are the prime factors of 640257728?
2, 11, 909457
What are the prime factors of 2921099627?
2921099627
What are the prime factors of 51306624?
2, 3, 44537
List the prime factors of 239908222.
2, 37, 73, 89, 499
List the prime factors of 1901601541.
7, 727, 373669
List the prime factors of 149780237.
149780237
What are the prime factors of 13987016?
2, 1748377
List the prime factors of 1190763966.
2, 3, 7, 2423, 11701
What are the prime factors of 414258092?
2, 103564523
List the prime factors of 370467624.
2, 3, 19, 23, 35323
List the prime factors of 16266140.
2, 5, 11, 107, 691
What are the prime factors of 220162180?
2, 5, 7, 1572587
What are the prime factors of 9322563?
3, 233, 13337
What are the prime factors of 23991417?
3, 449, 1979
List the prime factors of 18770394.
2, 3, 3128399
List the prime factors of 2295081472.
2, 53, 83, 1019
What are the prime factors of 3153672168?
2, 3, 131403007
What are the prime factors of 47615594?
2, 13, 1831369
List the prime factors of 1018680906.
2, 3, 169780151
What are the prime factors of 31086439?
3541, 8779
List the prime factors of 5064445998.
2, 3, 93786037
What are the prime factors of 17817711?
3, 89, 66733
What are the prime factors of 33981251?
41, 828811
List the prime factors of 25985081.
1223, 21247
What are the prime factors of 1543429454?
2, 7, 110244961
What are the prime factors of 521877051?
3, 71, 816709
List the prime factors of 642079242.
2, 3, 7, 727981
List the prime factors of 194724840.
2, 3, 5, 1622707
What are the prime factors of 1649137265?
5, 329827453
List the prime factors of 208731948.
2, 3, 19, 37, 109, 227
List the prime factors of 23988381.
3, 167, 47881
List the prime factors of 73141821.
3, 8126869
List the prime factors of 3466798527.
3, 97, 353, 33749
What are the prime factors of 718817043?
3, 7, 41, 131, 6373
List the prime factors of 15610482.
2, 3, 173, 557
List the prime factors of 3994410.
2, 3, 5, 7, 23, 827
What are the prime factors of 88552308?
2, 3, 13, 43, 307
What are the prime factors of 498013190?
2, 5, 1129, 44111
List the prime factors of 5228377397.
977, 5351461
List the prime factors of 25260811.
113, 223547
List the prime factors of 42715846.
2, 21357923
List the prime factors of 18329536.
2, 17, 991
List the prime factors of 96997634.
2, 29, 269, 6217
List the prime factors of 460864116.
2, 3, 12801781
What are the prime factors of 182354924?
2, 47, 619, 1567
List the prime factors of 451060885.
5, 11, 41, 317, 631
List the prime factors of 1380971758.
2, 41, 410759
List the prime factors of 3955831040.
2, 5, 7, 441499
What are the prime factors of 1337710630?
2, 5, 133771063
What are the prime factors of 68934492?
2, 3, 11, 174077
What are the prime factors of 2958581872?
2, 821, 225227
What are the prime factors of 88260868?
2, 359, 61463
List the prime factors of 31054068.
2, 3, 653, 1321
List the prime factors of 184047523.
11, 16731593
List the prime factors of 61792728.
2, 3, 139, 18523
What are the prime factors of 70697180?
2, 5, 1193, 2963
What are the prime factors of 240613126?
2, 13, 9254351
What are the prime factors of 119942923?
119942923
List the prime factors of 775216088.
2, 6343, 15277
What are the prime factors of 559019300?
2, 5, 7, 798599
What are the prime factors of 17414287?
11, 1583117
List the prime factors of 76465796.
2, 11, 17, 151, 677
What are the prime factors of 2179362747?
3, 569, 1276721
What are the prime factors of 34943570?
2, 5, 3494357
What a